/(-231)). Suppose -21*v = -10*v + x. Let z(u) = -5*u. What is z(v)?
15
Let c(j) be the first derivative of -j**4/4 + j**3/3 + j**2 - 3*j + 63. Let h be c(-2). Let a(t) = -t**3 + 4*t**2 + 5*t + 3. Calculate a(h).
3
Let u(o) = -o**3 + 12*o**2 - 12*o + 17. Suppose 26*q = 242 + 18 + 26. Calculate u(q).
6
Let d(b) = 158*b + 3631. Let g be d(-23). Let t(s) = -s**3 - 5*s**2 - 2*s. Calculate t(g).
-12
Suppose 3*i = -2*p - 31, -6*i - p - 48 = -2*i. Let n be 2/(-4) - (114/(-12) - 2). Let u = n + i. Let b(k) = -2*k**3 - 3*k**2. Give b(u).
4
Let q(u) = -5*u - 158. Let o(v) = 25*v + 866. Let j(c) = -2*o(c) - 11*q(c). Give j(-2).
-4
Let b(h) = h**3 - h**2 + 2*h + 45. Let y = -1780 - -1780. What is b(y)?
45
Let o(l) = l**2 - 10*l + 16. Let s be o(8). Suppose s = -2*r - 8*r + 110. Suppose 16 = -r*m - 17. Let x(p) = p**2. Calculate x(m).
9
Let g(z) = -z - 1. Let a = 13 + -12. Suppose -1 = 2*u + h, -5*u + a = -2*h - 1. Suppose 2*f = 5*o - 11, u = 4*o - 3*o - 5*f + 7. What is g(o)?
-4
Let k(i) = -17*i**3 - 10*i**2 - i - 3. Let d(r) = -14*r**3 - 9*r**2 - r - 2. Let z(t) = -6*d(t) + 5*k(t). Give z(4).
1
Suppose 87*k - 211 = 27*k - 31. Let r(m) = 4*m**3 - 5*m**2 + 5*m - 4. Give r(k).
74
Let v(n) = 2*n**3 - 36*n**2 - 289*n - 2. Let y be v(-6). Let l(s) be the third derivative of 2 - 1/12*s**4 + 0*s - y*s**2 - 5/6*s**3. Calculate l(-6).
7
Let x = 214 + -211. Let t(j) = -597*j + 7 + 7*j**2 - j**x + 597*j - 3. Determine t(7).
4
Let o(t) = -7*t**3 - t - 1. Let g be ((-15)/18)/(5/60*-2). Let b(s) = -5*s - 2. Let x be b(-1). Suppose -4*l = 3*d + 19, -g*d + x - 26 = -2*l. What is o(l)?
7
Let q(c) = c**3 + 11*c**2 + 12*c + 18. Let x = -2708 + 2698. Give q(x).
-2
Let d(t) be the first derivative of -10*t**3/3 + t**2/2 + 3*t - 531. Determine d(2).
-35
Let a(y) = 7*y**3 + 2*y**2 + 3*y - 10. Let m(l) be the first derivative of 3*l**4/2 + l**3/3 + l**2 - 10*l - 2. Let q(j) = 5*a(j) - 6*m(j). Determine q(5).
0
Let f(k) = 5*k - 24. Let b be (8/(-4))/((148/(-1295))/(12/14)). Determine f(b).
51
Let p be 4*29/((-1740)/135). Let b(d) = d**2 + 19*d + 17. What is b(p)?
-73
Let x(c) = 2*c**2 - 14*c - 3. Let a be x(6). Let q = a + 18. Let r(t) = -9*t - 2*t**3 + 9 - 7*t**2 + q*t**3 - 3*t**3 + 3*t**3. Give r(8).
1
Let l(q) = 3*q + 2*q**2 - 44466 + q**3 + 6*q**2 + 44460. What is l(-7)?
22
Let f(j) = 5*j**2 - 13*j + 198. Let d(r) = 6*r**2 - 12*r + 230. Let p(y) = -4*d(y) + 5*f(y). Calculate p(9).
-2
Let w be (-105)/9*(-4 - -7). Let m = w + 38. Let y be (-5)/(-15) - 4/m. Let o(a) = -a**3 - a**2 - a - 1. What is o(y)?
0
Let r(i) = -57*i - 11. Suppose -41 + 13 = 2*q - 8*w, 5*q = -w + 14. Give r(q).
-125
Let v(c) be the third derivative of c**6/60 + c**5/12 + c**4/8 + 7511*c**2. Let q(d) = 4*d + 2. Let b be q(2). Let a = 7 - b. What is v(a)?
-18
Let z(n) = -n**2 - 2*n - 5. Let k = 3245 - 3248. Determine z(k).
-8
Suppose -4*o = -4*l + 140, 3*l - 5*o + 3*o = 108. Let s(b) = -b**2 + 39*b - 35. What is s(l)?
3
Let g(z) = -z**2 - 11*z + 7247. Let s be g(-91). Let o(y) = y**3 + 33*y**2 + y + 27. What is o(s)?
-6
Let r(p) = -3*p + 5. Let a(n) be the first derivative of -3*n**2/2 + 4*n - 6. Let w(g) = 6*a(g) - 5*r(g). Let x be (6/9 + 0)*(-105)/(-70). Calculate w(x).
-4
Let y(l) = 2*l**3 + 5*l**2 + 9. Suppose -72*o = -18*o + 96 + 66. Determine y(o).
0
Let h be -1*16 - (-423 + 394). Let v(g) = -g**3 + 10*g**2 + 38*g + 23. Calculate v(h).
10
Let f(t) = -39*t**3 - 17*t**2 + 6*t + 2. Let g(l) = 44*l**3 + 19*l**2 - 8*l. Let w(u) = 9*f(u) + 8*g(u). Give w(0).
18
Let v be -6*(-12)/8 + 6. Let o(n) = n**3 - 14*n**2 - 16*n + 15. Determine o(v).
0
Let k(s) = 2*s - 3 + 3*s - s**2 + 2. Suppose 3*x - 6*x + 193 - 187 = 0. Determine k(x).
5
Let q(m) = -850*m**3 + 627 + 851*m**3 - 5*m**2 - 9*m - 616. Calculate q(5).
-34
Let y(w) = 3*w**2 - 7*w**2 - 892 + w**2 + 8*w + 823 + 4*w**2. What is y(-13)?
-4
Let m(t) be the second derivative of t**5/20 - t**4/4 + t**3/2 - 3*t**2/2 - 366*t. Determine m(3).
6
Let s(j) = -86*j - 77. Let l be s(-1). Let y(q) = q**3 - 11*q**2 + 12*q - 11. Determine y(l).
-65
Let b(s) = -s**2 + 24*s - 88. Let w be b(5). Let i(u) = 1 - w - 23*u**2 + 5 + 24*u**2 + 10*u. What is i(-9)?
-10
Let m(a) = -2*a + 5. Suppose -36 = -12*l - 0*l. Suppose -l*h = 72 - 84. Give m(h).
-3
Let d be (-115)/(-15) - 8 - 5/3. Let a(o) = 6*o**2 - 11*o - 103. Let x(t) = -t**2 + 2*t + 21. Let y(q) = d*a(q) - 11*x(q). Calculate y(0).
-25
Let d be -2 + (1 - 1) + 4. Let x(y) = -1672*y + 823*y - 3 + 852*y - 3*y**2. Calculate x(d).
-9
Suppose 19 = -5*x + 8*x - 5*l, 4*l + 10 = 2*x. Let s(v) = -1 - 41*v + x*v + 13*v + 17*v. Give s(-3).
-7
Let m(x) = -11*x**2 - 349*x + 97. Let k be m(-32). Let u(f) be the third derivative of 3*f**5/20 + f**4/12 - f**3/6 + 2*f**2. Give u(k).
10
Let f(t) = 474*t**3 + 471*t**3 + 1 - 4*t + 474*t**3 - 1418*t**3 + 3*t**2 + 1. Determine f(-5).
-28
Suppose -h + 6 = 2*y - 38, -3*h + 128 = 4*y. Let k = h + -42. Let j(n) = -4*n + 3. Let z(u) = -4*u + 2. Let d(v) = 3*j(v) - 4*z(v). Give d(k).
-7
Let r(o) = -3*o - 9. Let w = 375 + -82. Suppose w*g = 283*g - 40. What is r(g)?
3
Let c(m) = -710*m + 703. Let s be c(1). Let p(n) = n**3 + 9*n**2 + 11*n - 19. Calculate p(s).
2
Let h(m) = 4*m + 65. Let s be h(-16). Suppose 1 - s = -12*j. Let g(d) = -d**2 - d + 25. Calculate g(j).
25
Let d(h) be the first derivative of -h**5/15 + h**4/12 - 4*h**3 - 5*h**2/2 - 40. Let c(s) be the third derivative of d(s). What is c(2)?
-14
Let d(y) = -17*y**3 - 42*y**2 - 7*y - 34. Let k(w) = 6*w**3 + 14*w**2 + 4*w + 11. Let s(a) = -4*d(a) - 11*k(a). Calculate s(-8).
15
Let y(w) = -w**2 + 15*w + 20. Suppose -700 = -9*l + 101. Suppose -5*d + l = 4*p, 44*d = 2*p + 41*d - 17. What is y(p)?
4
Let i(z) = -20 + 171*z**2 - 5*z + 16*z + 84*z**2 - 254*z**2. Determine i(-9).
-38
Suppose -w + 1 = 2*y - 10, -w = -5*y + 24. Let x(t) = -17*t + 2. Calculate x(w).
-15
Let u(q) be the first derivative of -q**3/3 - 3*q**2 - 4*q + 21. Suppose 49 = 16*y + 1. Suppose 4*w + 5 = -i - 2*i, y*i = 2*w - 11. Give u(i).
5
Let d(w) = 3 - 6 - w + 1. Suppose -5*h + 12 = 5*s + 2, -s = -2. Suppose h = 9*r - 27. Calculate d(r).
-5
Let v(y) be the first derivative of 17*y**3/3 - y**2 + y + 2681. What is v(-1)?
20
Let f(a) be the first derivative of -1 + 1/4*a**4 - 5*a + a**2 - 2*a**3. What is f(5)?
-20
Let s be 10/30 + (-276)/(-9). Suppose 11 - s = -10*k. Let o(d) = d**3 + d**2 - d - 2. Give o(k).
8
Let m be ((-30)/40 - 1/4)*-6. Suppose m*a + 4*a = 30. Let n(c) = -2*c**a - 2*c**2 + 2 - 2*c**3 + 0 + 3*c**3. What is n(-2)?
2
Let p(j) = -2*j + 3. Let n be -4 + -4*3/6. Let f(u) = -u**2 - 5*u + 12. Let t be f(n). Suppose -4*v - d + t - 25 = 0, -5*v - 2*d = 23. Give p(v).
13
Let y be (0/((-6)/(-2)))/(-16 - 180/(-12)). Let f(h) = -10*h + 17. Calculate f(y).
17
Let t be (136/(-60))/(40/(-300)). Let s(z) = -z + 43. Calculate s(t).
26
Let c(d) be the second derivative of -2*d**3/3 - 47*d**2/2 + 23*d - 32. Give c(10).
-87
Suppose 0*f - 5*f + 4*u + 3 = 0, 1 = 3*f - 2*u. Let t be -3 - (77 + f)/(-2). Let n(m) = 17*m - 8 + 12*m + m**2 - t*m. Calculate n(7).
-1
Let b(w) be the first derivative of w**3/3 + 4*w**2 + 8*w + 1123. Let r be 6/(-9) - (-22)/(-3). Determine b(r).
8
Let p(a) = -4*a**3 + 48*a**2 + 29*a - 7. Let v(d) = 2*d**3 - 23*d**2 - 14*d + 4. Let w(c) = -4*p(c) - 9*v(c). Calculate w(8).
8
Let i = 1462 + -1489. Let b(c) = -6*c**2 - 161*c + 31. Give b(i).
4
Let p(m) = 11*m. Let g = -212 - -112. Let b = g + 104. Suppose 5*y + 8 = 3*k, -b*k + 2*k + 3*y = -5. Give p(k).
11
Let l(m) be the second derivative of m**4/12 - 5*m**3/6 + 3*m**2 - 4*m + 419. Suppose 35 = 2*x + 3*x. What is l(x)?
20
Let b(r) = 93 - 93 + r**3 - 12*r**2 + 11*r. Suppose 5*l = 5*k + 210, k - 2*k + 240 = 5*l. Suppose 2*d - l = 5*n, -29*d + 34*d - 50 = -n. Give b(d).
0
Let i be 58/14 + 1 - (-2)/(-14). Suppose 41 = 3*s + 5*c, i*s = -c + 24 + 37. Suppose -l + 14 = 3*b, -b + l - s = -2*l. Let t(n) = 2*n**2 - 5*n + 3. Give t(b).
6
Suppose 5*p = -3*v - 4, -14*p + 11*p = -2*v + 10. Let a(t) = -14 + 9*t + 3*t**3 + 13 + 11*t**v - 2*t**3. What is a(-10)?
9
Let t(j) = 2*j**3 - 26*j**2 + 21*j + 37. Let r = 30052 + -30040. What is t(r)?
1
Let h = 19 - 11. Let q(z) be the first derivative of -z**4/4 + 3*z**3 - 3*z**2 - 19*z - 6834. Determine q(h).
-3
Suppose -f = 5*b - 30, -5*b = 14*f - 16*f - 30. Let c(u) = 5*u**2 + 6*u + 65. 